on divisor of 1836 and 288540.
36
What is the highest common divisor of 59193960 and 1680?
840
Calculate the greatest common divisor of 74640810 and 2718.
906
What is the highest common factor of 91177 and 292?
73
What is the highest common divisor of 112172 and 18407812?
3868
What is the greatest common factor of 5311 and 49228111?
113
What is the greatest common divisor of 80407885 and 230?
115
Calculate the greatest common divisor of 207043 and 28747.
323
Calculate the highest common factor of 247894 and 164611.
391
Calculate the greatest common divisor of 34412052 and 21228.
732
Calculate the greatest common factor of 617477499 and 63.
9
What is the greatest common factor of 223126495 and 13955?
13955
Calculate the greatest common factor of 17004 and 7202.
26
What is the highest common factor of 22969225 and 31775?
1025
What is the highest common divisor of 25970 and 122894492?
742
Calculate the highest common divisor of 18104 and 52552.
8
Calculate the highest common factor of 17490 and 1103850.
330
Calculate the highest common divisor of 228 and 155980044.
228
What is the greatest common factor of 13196656 and 582?
194
Calculate the greatest common divisor of 17642155 and 2220.
185
Calculate the greatest common divisor of 245024256 and 1536.
1536
What is the highest common factor of 7348 and 50427487?
1837
Calculate the greatest common divisor of 342161725 and 2325.
775
Calculate the greatest common divisor of 269258 and 83358.
22
Calculate the highest common factor of 7634 and 2729078.
22
What is the highest common divisor of 49170267 and 54?
27
What is the greatest common divisor of 2033321 and 39232?
613
What is the highest common divisor of 2570 and 107130?
10
Calculate the highest common divisor of 17954552 and 110.
22
Calculate the highest common divisor of 37 and 412298141.
37
What is the highest common divisor of 11748 and 6506544?
132
Calculate the highest common factor of 2312 and 719904.
8
Calculate the greatest common divisor of 14832 and 1659536.
1648
What is the highest common divisor of 19323 and 200559858?
6441
What is the highest common factor of 163852 and 123229308?
12604
Calculate the highest common divisor of 104 and 635724960.
104
Calculate the highest common divisor of 10050 and 84270.
30
Calculate the highest common factor of 89347611 and 752.
47
Calculate the greatest common divisor of 387541 and 190487.
11
Calculate the highest common factor of 1357550 and 10465996.
2858
What is the highest common divisor of 78858832 and 10569?
3523
What is the highest common divisor of 36108 and 888012?
612
What is the greatest common factor of 3481679 and 82?
41
What is the greatest common factor of 52 and 989308?
4
What is the highest common divisor of 1935041 and 4527?
503
What is the highest common divisor of 18362363 and 14505?
967
Calculate the highest common factor of 42610437 and 10863.
639
What is the greatest common divisor of 360 and 339975?
45
What is the greatest common factor of 11 and 30738983?
11
What is the highest common divisor of 4836255 and 40?
5
What is the highest common factor of 59916 and 3004?
4
What is the greatest common divisor of 3306579 and 20276?
37
Calculate the highest common divisor of 81 and 406449.
9
What is the highest common divisor of 2 and 9771538?
2
What is the highest common factor of 10815 and 17917159?
103
What is the highest common factor of 86077222 and 427?
427
What is the highest common divisor of 2 and 2470213?
1
What is the highest common factor of 5133408 and 30?
6
Calculate the highest common factor of 45895190 and 2838.
946
Calculate the highest common factor of 2656 and 39392.
32
What is the greatest common factor of 29376 and 119616?
192
Calculate the greatest common divisor of 812912 and 148.
4
What is the greatest common factor of 119645448 and 312?
312
Calculate the greatest common factor of 1412 and 221584807.
353
Calculate the highest common factor of 12 and 1716861384.
12
What is the greatest common factor of 526119417 and 306?
153
Calculate the highest common factor of 137970 and 14196.
42
What is the highest common factor of 2053071 and 4321?
149
Calculate the greatest common divisor of 181980660 and 120.
60
What is the greatest common factor of 2144898 and 81606?
1218
What is the greatest common factor of 19516 and 78925?
287
What is the greatest common divisor of 1930586 and 49?
7
What is the highest common divisor of 7032410 and 83160?
770
What is the highest common factor of 54 and 1460802?
6
What is the highest common divisor of 1620541 and 89739?
169
What is the greatest common divisor of 1089385 and 44?
11
What is the highest common factor of 2668171 and 50941?
121
Calculate the highest common divisor of 304932 and 2256.
12
Calculate the highest common factor of 1461352 and 1036.
148
What is the greatest common divisor of 184936 and 536?
8
What is the highest common divisor of 2531196 and 35328?
276
Calculate the highest common factor of 32399697 and 319.
11
What is the greatest common divisor of 324 and 933609078?
162
What is the highest common divisor of 53496105 and 1551?
141
Calculate the greatest common factor of 2489672 and 2232.
248
What is the greatest common factor of 181678 and 96986?
1366
Calculate the greatest common factor of 1060064 and 389360.
2512
What is the greatest common divisor of 106989 and 20406?
57
Calculate the greatest common divisor of 6 and 10563510.
6
Calculate the highest common divisor of 9118160 and 1200.
80
What is the greatest common divisor of 3576804 and 3997?
7
What is the greatest common divisor of 1092 and 30084?
12
Calculate the greatest common divisor of 3468 and 1195747326.
1734
What is the highest common divisor of 468 and 11091470?
26
Calculate the greatest common divisor of 82574312 and 3856.
1928
What is the greatest common divisor of 47252960 and 10116?
1124
Calculate the highest common factor of 1860273 and 1917.
27
Calculate the greatest common factor of 1206 and 24848766.
18
Calculate the greatest common factor of 969 and 2045933.
17
Calculate the greatest common divisor of 42245 and 5673255.
2485
Calculate the highest common divisor of 11832448 and 1024.
128
What is the highest common divisor of 533 and 331084?
13
Calculate the greatest common factor of 1272714091 and 11.
11
Calculate the greatest common divisor of 425 and 2180275.
25
Calculate the highest common divisor of 47603666 and 45408.
946
Calculate the highest common factor of 9319478 and 56.
14
Calculate the highest common divisor of 987 and 74777.
47
Calculate the highest common divisor of 4130607 and 1443.
39
What is the greatest common factor of 423702 and 558?
18
Calculate the highest common factor of 10396 and 44.
4
What is the highest common divisor of 64468 and 112180?
284
Calculate the highest common factor of 35026 and 184426.
166
What is the highest common factor of 16372351 and 21627?
89
Calculate the greatest common factor of 4 and 5762413.
1
What is the greatest common divisor of 1918887 and 8891?
523
Calculate the greatest common divisor of 2556 and 88532.
4
What is the greatest common factor of 226505 and 14045855?
2545
Calculate the highest common factor of 653616 and 88.
8
Calculate the highest common divisor of 125633 and 681516.
1721
What is the greatest common divisor of 722 and 315210?
38
Calculate the greatest common factor of 17150 and 113114050.
2450
What is the greatest common factor of 21747186 and 54?
18
Calculate the greatest common factor of 9123322 and 20553.
221
Calculate the highest common divisor of 60093 and 25443.
99
What is the highest common divisor of 2240 and 6419910?
70
Calculate the greatest common divisor of 7840 and 7293920.
160
Calculate the greatest common divisor of 870 and 43438926.
174
What is the highest common factor of 547222 and 9126?
338
Calculate the highest common divisor of 464849 and 13937.
77
Calculate the greatest common divisor of 33222225 and 1875.
75
What is the greatest common factor of 13322552 and 8?
8
Calculate the greatest common factor of 984578 and 882.
14
What is the highest common factor of 4175 and 1550261?
167
What is the greatest common divisor of 48888 and 45999534?
4074
What is the greatest common factor of 2879948 and 23732?
1396
Calculate the greatest common divisor 